git of d/10*(29 + -4)?
0
Suppose -2*l - 3*l - 15 = 0. What is the units digit of l/1*(1 - 2)?
3
Let c = 1 - 5. Let r = -6 - c. Let u = r - -9. What is the units digit of u?
7
Let k be (-1)/((28/(-8))/7). Suppose z + 0*n = -k*n + 9, n = 0. What is the units digit of z?
9
Suppose -2*n + 23 = -5*i, 5*n = 4*n - 5*i + 4. Suppose 0*m = 3*r + 5*m - 7, r + 4*m = 0. Suppose n + 7 = r*w. What is the units digit of w?
4
Let k(v) = -v**3 - 7*v**2 - 7*v + 3. Suppose 3*r = -10 - 8. What is the units digit of k(r)?
9
Let z be 0/(-1)*(-2 - -1). Let c be (1 - z) + (-8)/(-4). Suppose -c = -k + 1. What is the units digit of k?
4
Suppose -5*q + 55 = -0*q. What is the tens digit of q?
1
Let x(r) = 2*r**3 - 14*r**2 + 62*r + 5. What is the units digit of x(6)?
5
Let x be (-4)/10 + (-8)/(-20). Let f be (x/3)/(-2 - -3). Suppose -3*i - 5*k + 39 = 0, 3*k + f*k - 49 = -5*i. What is the units digit of i?
8
Let v = 133 - 77. What is the tens digit of v?
5
Let j(k) = k**2 + 9. Let y be j(0). Let l = 24 - y. What is the tens digit of l?
1
What is the units digit of 145/(-5*(-2)/10)?
5
Let k be 3*1 - (-5)/5. What is the units digit of 9/k*40/15?
6
Suppose 36 = 3*b + 3. What is the tens digit of b?
1
Let x(k) = k + 9. Let c be x(-5). Suppose -c = 2*b, 3*m - 4*m = -b - 17. What is the units digit of m?
5
Let r be (1/(-3))/(3/(-54)). Let c be 12/(-8)*(-16)/r. Suppose -3*d = -20 - c. What is the units digit of d?
8
Let i = -77 - -112. Suppose -w + i = 4*w. What is the units digit of w?
7
What is the units digit of 4*3*(-185)/(-30)?
4
Let r(l) = l**2 + l - 9. Let d be r(-4). Suppose -72 = d*j - 5*j. What is the units digit of j?
6
Let x(c) = -5*c**2 - 2 + c**3 + 7*c - c**2 + 0*c**3. What is the units digit of x(5)?
8
Let u(y) = 4*y**3. Let o be u(1). Suppose -225 = -o*m - 13. What is the units digit of m?
3
Let w = 30 + -21. What is the units digit of w?
9
Suppose 0 = g + 2. Let t(q) = 4*q - 2. Let x be t(g). What is the units digit of 10*(-1)/(x/4)?
4
Let g(x) = x + 7. Let c be g(-4). Suppose -c*s = -2*s. Let w = 3 + s. What is the units digit of w?
3
Let z be 14/3 - 2/(-6). Suppose 3*b - 35 = 5*r, -25 - 5 = -2*b + z*r. Suppose -2*c + 7*c = b. What is the units digit of c?
1
What is the tens digit of 1/((-28)/8 + 4)*78?
5
Suppose 5*x + 0*x - 15 = 0. Suppose 3*k - 6*k - 5*v = -107, x*k + 3*v - 99 = 0. What is the tens digit of k?
2
Let y(s) = 9*s + 1. What is the units digit of y(9)?
2
Let l(q) = -q**2 - 7*q - 3. Let h be l(-7). What is the units digit of (31 - 0 - 3) + h?
5
Let g = 259 - 76. What is the tens digit of g?
8
Let c = -1 + 16. Let n = -5 + c. What is the units digit of n?
0
What is the units digit of 1 - (24*2)/(-1)?
9
Suppose 1 = 3*n - 2*a, 6*a + 15 = 3*a. What is the units digit of 4/6 + (-1)/n?
1
Suppose 3*a + r = -2 + 11, 5*r + 27 = 3*a. Suppose a*f + f = -5. Let c(h) = -6*h. What is the units digit of c(f)?
6
Let y = -2 - -2. Suppose s - 8 = -y. What is the units digit of s?
8
What is the tens digit of (248/(-6) + -4)*-3?
3
Suppose -6*s + 37 = -5*s. What is the units digit of s?
7
Let b be (-2 - 10/(-4))*52. What is the tens digit of (-4)/2 + b - 2?
2
Let u(d) = -d**2 + 7*d - 1. Let l be u(6). Let n = l + -1. What is the units digit of n?
4
What is the units digit of ((-48)/36)/(2/(-27))?
8
Let m(k) = -2*k - 11. Let z be m(-8). Suppose 43 = z*u - 4*s, s = -0*s + 3. What is the tens digit of u?
1
Suppose 4*o + 5*f + 21 = 0, -f + 7 = -3*o - 3*f. Let s be 4 - 2 - -1*o. Suppose -s*l = -5 - 25. What is the units digit of l?
0
Suppose 4*i - 4 = 0, 1 = 5*d - 2*i - 2. Let o be (d*(0 + -16))/1. Let v = -9 - o. What is the units digit of v?
7
Let v = -3 - -5. Let w(g) = -3 + 10*g**2 - 10*g**2 - 13*g**3 + v - g. What is the tens digit of w(-1)?
1
Suppose -5*m + n + n = -12, 5*m - 5*n = 0. Suppose -h + m*h - 12 = 0. What is the units digit of h?
4
Let q(g) = 3*g**2 + 6 + 0 + 5*g - 4*g**2. Suppose -4*b = -15 - 5. What is the units digit of q(b)?
6
Let l(h) = h**2 - 3*h + 2. Let x be l(3). Suppose -4*o = -2*o + x*f - 24, -3*f = -4*o + 69. What is the tens digit of o?
1
Let p(b) = 19*b - 26. What is the tens digit of p(7)?
0
Suppose 2*d + d = 4*b + 60, -3*b + 80 = 4*d. What is the units digit of d?
0
Let j = -47 + 83. What is the tens digit of j?
3
Suppose -y + 4*n = -2*y + 41, -104 = -4*y + 4*n. Suppose 5*q + 9 = y. Suppose 0 = p - 4*m - 7, q*p + 2*m + m = 28. What is the units digit of p?
7
Let u be 1/(243/(-123) - -2). Let d(a) = -a - 10. Let l be d(-13). Suppose -2*b - 5*f + u - 8 = 0, 4*f - 53 = -l*b. What is the tens digit of b?
1
Let f = 164 + -112. What is the units digit of f?
2
Suppose -4*z - 4 = -2*z - 4*w, 5*w = 5*z. Let l(r) = 3 + 3 - r + 2*r**2 - r**z. What is the units digit of l(0)?
6
Let c(z) = -z**2 + 5*z - 3. Let u be c(3). Suppose f - 94 - 21 = -3*x, 0 = -u*f + 12. Let p = 52 - x. What is the tens digit of p?
1
Let j(d) = d**2 - d + 1. Let n be j(1). What is the tens digit of (10/(-25))/(n/(-75))?
3
Let q(o) = o**3 + o**2 + 22. Let g be 0/(-1)*(-1)/2. What is the tens digit of q(g)?
2
Suppose q + 2*q - 30 = 0. Suppose -5*z = -q, 4 + 0 = -g + 3*z. Suppose 4*p = g*p + 8. What is the units digit of p?
4
Let i = -8 - -3. Let s(l) = -5*l**3 + 12*l**2 - l + 2. Let z(b) = 4*b**3 - 11*b**2 + 2*b - 3. Let d(j) = i*s(j) - 6*z(j). What is the units digit of d(-7)?
8
Let w = 310 - 169. What is the hundreds digit of w?
1
Let c be 1/(-3) - 2/(-6). Suppose c = -5*a - j + 54, -3*a - 57 = -8*a + 2*j. What is the units digit of a?
1
Suppose 5*c = o + 10, 5*o - 2*c + 29 = 2*c. Let m be 0/o*2/4. Suppose -j + 0*a = 4*a - 5, 3*a = m. What is the units digit of j?
5
Suppose 0 = -a + 2*a - 25. What is the tens digit of a?
2
Let h = -1 - -6. What is the units digit of (24/(-10))/((-2)/h)?
6
Let o be 46 - (0 + (-1 - 0)). Let y = o + -32. What is the tens digit of y?
1
Suppose -5 - 37 = -2*n. Suppose 0*i = -3*i + n. What is the units digit of i?
7
Let s(p) = p**2 - 7*p - 4. Let k be s(8). Suppose 2 + 2 = -2*l. What is the units digit of l/k + 15/2?
7
Let x(w) = 3*w**3 - 14*w**2 - 2*w - 4. What is the hundreds digit of x(6)?
1
Let q = 1 - -2. Suppose -q*t + 0*t = -33. Suppose -b - 2 = -t. What is the units digit of b?
9
What is the units digit of (-2)/(-8) + 572/16?
6
Let v = 13 + -1. Let q be ((-10)/6)/((-2)/v). Let l = q + -6. What is the units digit of l?
4
Suppose 3*j - 5*j = -42. What is the tens digit of j?
2
Let f = 49 + -30. Suppose -4*y + f = -33. Let j = 25 - y. What is the tens digit of j?
1
Let f be (-1 + 3)*3/(-2). Let v = -1 - f. Suppose -4*n = m - n + 14, -v*n = 3*m + 7. What is the units digit of m?
1
Suppose -2*n + 16 = 4*l, -2*n + n = -5*l - 8. Suppose 5*d + 1 = -4*q + q, 3*q = 2*d - n. What is the units digit of d?
1
Suppose -5*y - 13 + 48 = 0. Let q(i) = -i + 14. What is the units digit of q(y)?
7
Suppose 3*g - 5*z - 45 - 329 = 0, 5*g - 660 = z. What is the tens digit of g?
3
Let t(p) = -p**3 - 7*p**2 + 15*p + 20. What is the tens digit of t(-9)?
4
Suppose 6*u + 20 = 158. What is the units digit of u?
3
Suppose 4*v = -5*f + 2, 0*f = -f + 2. Let s = 9 + -5. What is the units digit of -2*(v - (-6)/s)?
1
Let u(l) = -l**2 - 10*l + 6. What is the units digit of u(-5)?
1
Suppose 2*s + 2*p - 6*p + 20 = 0, 0 = s - p + 7. Let g = -7 - s. What is the units digit of (-1)/(3/(g*1))?
1
Let j be (8 - 1) + -3 - 2. Suppose -z + 23 = -j. What is the units digit of z?
5
Let q(x) be the second derivative of 5*x**3/6 - x**2 - 3*x. Let d be q(3). Suppose -3*h + 35 + d = 0. What is the tens digit of h?
1
Suppose 1663 = 15*j - 992. What is the units digit of j?
7
Let h(d) = -d**2 + 11*d + 2. Let a be h(7). Let y be ((-5)/(-3))/(5/a). What is the units digit of (-6)/(4/2) + y?
7
Suppose -5*t - 3*z = 2, 5*z = -4*t + 3*z. What is the tens digit of (-12)/(2*t/(-4))?
1
Let y(a) = 18*a + 3. What is the units digit of y(3)?
7
What is the tens digit of ((-50)/(-4) - -1)*(-1 + 7)?
8
Let v = 301 + -145. What is the hundreds digit of v?
1
Let l(m) be the second derivative of -m**5/4 - m**4/12 - 6*m. Let g be ((-4)/2)/(-2) + -2. What is the units digit of l(g)?
4
Let v(o) = 16*o**2 + o + 1. Let u = 13 - 14. What is the units digit of v(u)?
6
Let y = -46 - -66. Suppose 0 = -3*k + 3*j, -3*k = -5*j + 5 + 1. Suppose 5*a = -3*h + 29, a = k*a - 3*h - y. What is the units digit of a?
7
Suppose -3*l + q